
Is 470743657 prime?
False
Is 482899798699 a composite number?
False
Is 7400645999 a composite number?
False
Is 1732195039 a prime number?
False
Is 276597847 a prime number?
True
Is 16663841 prime?
False
Is 233319781 prime?
False
Is 1327824782 a prime number?
False
Is 6982067815 a prime number?
False
Is 1582339607 prime?
True
Is 3910399309 a prime number?
True
Is 9657148001 composite?
False
Is 50813790571 prime?
False
Is 8166397193 a prime number?
False
Is 2236233743 a prime number?
False
Is 74826770181 a composite number?
True
Is 24217176587 composite?
True
Is 2857626547 composite?
False
Is 597839401 a composite number?
True
Is 74954634607 a prime number?
True
Is 2901679271 composite?
False
Is 513935047 a prime number?
False
Is 2536051781 composite?
False
Is 184293960017 a prime number?
True
Is 474977017 composite?
True
Is 402482657 a composite number?
True
Is 2647066589 a composite number?
True
Is 65012416801 a composite number?
False
Is 3545122571 composite?
False
Is 734520929 a composite number?
True
Is 2990001011 a prime number?
False
Is 79811906167 prime?
False
Is 3612873977 prime?
False
Is 312473763407 a prime number?
False
Is 1697753363 a composite number?
True
Is 199339267 a composite number?
True
Is 29194686293 a prime number?
True
Is 4715202311 a composite number?
True
Is 7875272987 a prime number?
False
Is 108095870249 a prime number?
True
Is 1125096223 a prime number?
False
Is 66123288599 a composite number?
True
Is 96560251 a prime number?
False
Is 1084768939 a prime number?
False
Is 895634911 prime?
True
Is 21211627517 composite?
False
Is 252794973 a composite number?
True
Is 742899359 composite?
False
Is 4901808377 a composite number?
True
Is 42959687829 a prime number?
False
Is 55494086491 a composite number?
True
Is 376236823 composite?
False
Is 71681542089 a composite number?
True
Is 601760501 prime?
True
Is 4511568713 a prime number?
False
Is 23298558631 a composite number?
False
Is 84111823 a composite number?
False
Is 1107775507 a prime number?
False
Is 5163227497 a prime number?
False
Is 1697523871 a prime number?
True
Is 4207030343 a composite number?
True
Is 3736724437 a composite number?
False
Is 2249585906 a composite number?
True
Is 8101589761 composite?
True
Is 4999496101 composite?
True
Is 1082898611 prime?
True
Is 1744630903 a composite number?
False
Is 5370703853 a prime number?
False
Is 312368839 composite?
False
Is 15062966099 prime?
True
Is 15197206421 a composite number?
True
Is 1174337131 a composite number?
True
Is 82232489 prime?
False
Is 40972271563 composite?
True
Is 6704149987 prime?
True
Is 39718954223 composite?
True
Is 1343247727 a prime number?
True
Is 44262029179 a composite number?
True
Is 614045057 prime?
True
Is 12145565239 prime?
True
Is 551785139 a prime number?
False
Is 4757267609 a prime number?
True
Is 2790871507 a prime number?
True
Is 6945902519 prime?
True
Is 1395387373 prime?
False
Is 269191619 composite?
False
Is 19581921119 a composite number?
False
Is 1161330229 prime?
False
Is 4427755861 a composite number?
False
Is 5921578651 composite?
False
Is 3970156859 composite?
False
Is 879125105 composite?
True
Is 879031591 composite?
True
Is 64466237 a composite number?
True
Is 8278780673 prime?
False
Is 694461985953 prime?
False
Is 4872181909 composite?
True
Is 996809537 a prime number?
True
Is 5889635473 prime?
False
Is 14529219161 prime?
True
Is 23342653483 composite?
True
Is 835346641 a prime number?
True
Is 1965890027 a composite number?
False
Is 9375129619 composite?
False
Is 315424523 prime?
False
Is 4043777633 a prime number?
False
Is 62016864293 composite?
True
Is 996939257 a prime number?
True
Is 7075951637 a composite number?
False
Is 46160656847 prime?
False
Is 1001121811 a composite number?
False
Is 41037937445 prime?
False
Is 1676954833 composite?
False
Is 268040273 a composite number?
True
Is 10059324593 composite?
True
Is 5705312219 prime?
False
Is 25895807383 prime?
False
Is 61793461 a composite number?
True
Is 10595396359 prime?
True
Is 25327661 a composite number?
False
Is 1462403309 composite?
False
Is 1576733897 composite?
True
Is 241142735035 composite?
True
Is 650758561 prime?
False
Is 1796169341 a prime number?
False
Is 22975623883 a composite number?
True
Is 178963453 prime?
False
Is 1389504607 composite?
False
Is 9251993077 a composite number?
False
Is 3189357013 a prime number?
False
Is 9652904473 composite?
True
Is 1377472501 composite?
False
Is 536134613 composite?
True
Is 892491589 prime?
False
Is 1530514697 composite?
True
Is 28076656871 composite?
True
Is 1241268629 composite?
False
Is 8144079173 composite?
False
Is 7919950301 a prime number?
True
Is 1097332573 a prime number?
False
Is 33660727411 composite?
False
Is 755760403 prime?
True
Is 18089839 a composite number?
False
Is 134434155237 a prime number?
False
Is 347607103 composite?
True
Is 37051112771 a composite number?
True
Is 2372297173 a composite number?
True
Is 17772760991 prime?
False
Is 194604343 a prime number?
False
Is 89518739 composite?
False
Is 27318331454 prime?
False
Is 581835959 composite?
False
Is 65383559099 prime?
False
Is 4075294523 a composite number?
False
Is 195934199 prime?
False
Is 243531671 composite?
False
Is 2120367461 composite?
False
Is 27034974367 prime?
True
Is 4754929567 composite?
False
Is 544157813 a prime number?
True
Is 230838559051 a composite number?
False
Is 639853897 a prime number?
True
Is 146767034831 composite?
False
Is 6687478351 a prime number?
False
Is 633703547 a composite number?
True
Is 343235153 prime?
False
Is 2453964419 prime?
True
Is 7329041891 a prime number?
False
Is 16740445763 a composite number?
True
Is 45071275889 a prime number?
False
Is 6476966827 prime?
False
Is 38781654391 prime?
False
Is 891570613 prime?
False
Is 90624421 a prime number?
False
Is 435770123 prime?
False
Is 654209797 prime?
True
Is 143933414509 prime?
True
Is 369490548289 prime?
False
Is 72518564246 composite?
True
Is 2081839717 prime?
True
Is 14335828181 composite?
False
Is 164920021 a composite number?
True
Is 739079963 composite?
True
Is 88884133693 composite?
False
Is 17000193229 a prime number?
True
Is 3723810301 composite?
False
Is 11250173059 a prime number?
False
Is 628244111 a prime number?
False
Is 37274910719 a composite number?
True
Is 466204597 prime?
True
Is 83187959 a prime number?
True
Is 455914051 prime?
False
Is 6002617147 prime?
False
Is 6838752091 a prime number?
True
Is 1259481749 a composite number?
False
Is 22516451891 composite?
True
Is 5985861281 prime?
True
Is 853977821 composite?
False
Is 2215596833 a composite number?
True
Is 11361426977 prime?
False
Is 800883781 composite?
True
Is 2330081941 prime?
False
Is 1847394281 prime?
True
Is 24828544093 composite?
True
Is 1130765843 composite?
True
Is 1259165179 a prime number?
True
Is 26898024239 composite?
True
Is 80471269 a prime number?
True
Is 1435366067 a composite number?
True
Is 26191350943 a prime number?
True
Is 1057219591 prime?
False
Is 9831162259 a prime number?
True
Is 6283075093 composite?
True
Is 82883112337 composite?
True
Is 44939486269 composite?
False
Is 51730811533 composite?
False
Is 1519141157 a prime number?
True
Is 3632919559 composite?
False
Is 819562481 a prime number?
True
Is 1745275019 a composite number?
False
Is 2969051 a prime number?
False
Is 2634957427 prime?
True
Is 119462627 a prime number?
False
Is 3875226521 composite?
True
Is 21956758141 a prime number?
True
Is 93773225857 composite?
False
Is 725015179 composite?
True
Is 3256850683 a prime number?
False
Is 24095978323 prime?
True
Is 1585890221 composite?
True
Is 1723039589 a prime number?
True
Is 44616080737 composite?
False
Is 97307629051 composite?
False
Is 617826379 a prime number?
True
Is 48405791419 composite?
True
Is 5845994027 composite?
True
Is 1215444917 a composite number?
True
Is 188107 a prime number?
True
Is 21453113443 prime?
True
Is 325298440927 prime?
False
Is 25802229071 a prime number?
True
Is 1286912793 a composite number?
True
Is 7776743411 a prime number?
True
Is 37466602973 composite?
False
Is 23879899321 a prime number?
True
Is 32745915049 composite?
True
Is 133422097 a composite number?
True
Is 387076243 a composite number?
False
Is 51099601603 composite?
True
Is 456034063 a prime number?